{"id":96,"date":"2016-12-13T23:45:24","date_gmt":"2016-12-13T22:45:24","guid":{"rendered":"http:\/\/cultureshake.ph-karlsruhe.de\/cusha\/?page_id=96"},"modified":"2019-10-23T17:30:44","modified_gmt":"2019-10-23T15:30:44","slug":"transnationale-meetings","status":"publish","type":"page","link":"https:\/\/cultureshake.ph-karlsruhe.de\/cusha\/aktivitaeten\/transnationale-meetings\/","title":{"rendered":"Transnationale Projekttreffen"},"content":{"rendered":"<p>W\u00e4hrend der dreij\u00e4hrigen Projektlaufzeit, finden abwechselnd in den Projektl\u00e4ndern 5 transnationale Treffen statt:<\/p>\n<ul>\n<li><a href=\"https:\/\/cultureshake.ph-karlsruhe.de\/cusha\/aktivitaeten\/transnationale-meetings\/kick-off-meeting-in-karlsruhe-12-14-12-2016\/\">Kick-Off Meeting<\/a> an der P\u00e4dagogischen Hochschule in Karlsruhe (Deutschland) vom 12. &#8211; 14.12.2016<\/li>\n<li><a href=\"https:\/\/cultureshake.ph-karlsruhe.de\/cusha\/aktivitaeten\/transnationale-meetings\/2-transnationales-projekttreffen\/\">2. Transnationale Projekttreffen <\/a> am Shakespeare Birthplace Trust in Stratford-upon-Avon vom 10.07. \u2013 12.07.2017<\/li>\n<li><a href=\"https:\/\/cultureshake.ph-karlsruhe.de\/cusha\/aktivitaeten\/transnationale-meetings\/3-transnationales-projekttreffen\/\">3. Transnationales Projekttreffen <\/a> an der English School Gothenburg (ESG) in G\u00f6teborg vom 15.05 \u2013 17.05. 2018<\/li>\n<li><a href=\"https:\/\/cultureshake.ph-karlsruhe.de\/cusha\/aktivitaeten\/transnationale-meetings\/4-transnationales-projekttreffen\/\">4. Transnationales Projekttreffen <\/a> an der Primorska University in Koper (Slowenien) vom 04.12. bis 06.12.2018<\/li>\n<li><a href=\"https:\/\/cultureshake.ph-karlsruhe.de\/cusha\/aktivitaeten\/transnationale-meetings\/5-transnationales-projekttreffen\/\">5. Transnationales Projekttreffen <\/a> an der P\u00e4dagogischen Hochschule Karlsruhe vom 03.06. bis 07.06.2019<\/li>\n<\/ul>\n<p><\/p>","protected":false},"excerpt":{"rendered":"<p>W\u00e4hrend der dreij\u00e4hrigen Projektlaufzeit, finden abwechselnd in den Projektl\u00e4ndern 5 transnationale Treffen statt:<\/p>\n<ul>\n<li><a href=\"https:\/\/cultureshake.ph-karlsruhe.de\/cusha\/aktivitaeten\/transnationale-meetings\/kick-off-meeting-in-karlsruhe-12-14-12-2016\/\">Kick-Off Meeting<\/a> an der P\u00e4dagogischen Hochschule in Karlsruhe (Deutschland) vom 12. &#8211; 14.12.2016<\/li>\n<li><a href=\"https:\/\/cultureshake.ph-karlsruhe.de\/cusha\/aktivitaeten\/transnationale-meetings\/2-transnationales-projekttreffen\/\">2. Transnationale Projekttreffen <\/a> am Shakespeare Birthplace Trust in Stratford-upon-Avon vom 10.07.<\/li>\n<\/ul>\n<p><span class=\"ellipsis\">&hellip;<\/span><\/p>\n<div class=\"read-more\"><a href=\"https:\/\/cultureshake.ph-karlsruhe.de\/cusha\/aktivitaeten\/transnationale-meetings\/\">Weiterlesen \u203a<\/a><\/div>\n<p><!-- end of .read-more --><\/p>\n","protected":false},"author":1,"featured_media":0,"parent":51,"menu_order":2,"comment_status":"closed","ping_status":"closed","template":"","meta":{"footnotes":""},"class_list":["post-96","page","type-page","status-publish","hentry"],"_links":{"self":[{"href":"https:\/\/cultureshake.ph-karlsruhe.de\/cusha\/wp-json\/wp\/v2\/pages\/96","targetHints":{"allow":["GET"]}}],"collection":[{"href":"https:\/\/cultureshake.ph-karlsruhe.de\/cusha\/wp-json\/wp\/v2\/pages"}],"about":[{"href":"https:\/\/cultureshake.ph-karlsruhe.de\/cusha\/wp-json\/wp\/v2\/types\/page"}],"author":[{"embeddable":true,"href":"https:\/\/cultureshake.ph-karlsruhe.de\/cusha\/wp-json\/wp\/v2\/users\/1"}],"replies":[{"embeddable":true,"href":"https:\/\/cultureshake.ph-karlsruhe.de\/cusha\/wp-json\/wp\/v2\/comments?post=96"}],"version-history":[{"count":16,"href":"https:\/\/cultureshake.ph-karlsruhe.de\/cusha\/wp-json\/wp\/v2\/pages\/96\/revisions"}],"predecessor-version":[{"id":941,"href":"https:\/\/cultureshake.ph-karlsruhe.de\/cusha\/wp-json\/wp\/v2\/pages\/96\/revisions\/941"}],"up":[{"embeddable":true,"href":"https:\/\/cultureshake.ph-karlsruhe.de\/cusha\/wp-json\/wp\/v2\/pages\/51"}],"wp:attachment":[{"href":"https:\/\/cultureshake.ph-karlsruhe.de\/cusha\/wp-json\/wp\/v2\/media?parent=96"}],"curies":[{"name":"wp","href":"https:\/\/api.w.org\/{rel}","templated":true}]}}