{"id":775,"date":"2019-10-06T17:16:39","date_gmt":"2019-10-06T15:16:39","guid":{"rendered":"http:\/\/cultureshake.ph-karlsruhe.de\/cusha\/?page_id=775"},"modified":"2019-10-26T13:38:18","modified_gmt":"2019-10-26T11:38:18","slug":"multiplier-event-at-the-university-of-primorska-march-23th-2019","status":"publish","type":"page","link":"https:\/\/cultureshake.ph-karlsruhe.de\/cusha\/aktivitaeten\/multiplikatorenveranstaltung\/multiplier-event-at-the-university-of-primorska-march-23th-2019\/","title":{"rendered":"Multiplikatorenveranstaltung der Primorska Universit\u00e4t am 23. M\u00e4rz 2019"},"content":{"rendered":"<p>F\u00fcr alle vier Partnerl\u00e4nder wurden Multiplikatorenveranstaltungen organisiert. Die CultureShake Multiplikatorenveranstaltung in Slowenien wurde von der Primorska Universit\u00e4t im M\u00e4rz 2019 durchgef\u00fchrt. An der Veranstaltung nahmen nationale und internationale G\u00e4ste teil. V.a. die internationalen G\u00e4ste waren \u00fcberwiegend an den Projektergebnissen interessiert.<\/p>\n<p>Der Tag fing mit einer Begr\u00fc\u00dfung statt. Die Teilnehmenden wurden in die Projektidee eingef\u00fchrt. Dabei wurden auch die EU Themen, Priorit\u00e4ten und wichtigsten Whitepaper und Dokumente \u00fcber Bildung in dem Projekt vorgestellt. Die Projektergebnisse wurden positiv aufgenommen und es folgten Diskussionen und Vorschl\u00e4ge zu dem Transfer der Produkte auf andere Bereiche. W\u00e4hrend der Mittags- und in den Kaffeepausen wurde Material des Projekts wie z.B. die Sprachbiographien und Beispiele aus Local Culture ausgestellt. Die Teilnehmenden dr\u00fcckten ein starkes Interesse daran aus in Kontakt zu bleiben sowie an einer Folgeveranstaltung. Es wurde auch ein Workshop vorbereitet, bei welchem die Experten der Sofwarefirma Amebis anwesend waren. W\u00e4hrend der Multipliatorenveranstaltung hatten die Teilnehmenden die M\u00f6glichkeit das Online W\u00f6rterbuch zu testen. Die Teilnehmenden waren beeindruckt von den innovativen Ans\u00e4tzen, dem Material und den Ideen des Projekts.<\/p>\n<style>\n#tabcust {\n  border-collapse: collapse;\n  width: 100%;\n  text-align: center;\n  vertical-align: middle;\n  border: 2px solid black;\n}\n<\/style>\n<table id=\"tabcust\">\n<tr>\n<th width=\"75%\">Multiplier Event Programme<\/th>\n<th width=\"25%\"><a href=\"https:\/\/cultureshake.ph-karlsruhe.de\/wordpress\/wp-content\/uploads\/2019\/10\/E1_Building%20Cultural%20Bridges_Program.pdf\" target=\"_blank\" rel=\"noopener noreferrer\"><img decoding=\"async\" src=\"https:\/\/cultureshake.ph-karlsruhe.de\/wordpress\/wp-content\/uploads\/2019\/10\/Download_CS.png\"><\/a><\/th>\n<\/tr>\n<tr>\n<th>Multiplier Presentation: Building Cultural Bridges<\/th>\n<th><a href=\"https:\/\/cultureshake.ph-karlsruhe.de\/wordpress\/wp-content\/uploads\/2019\/10\/E1_Building%20bridges_presentation.pdf\" target=\"_blank\" rel=\"noopener noreferrer\"><img decoding=\"async\" src=\"https:\/\/cultureshake.ph-karlsruhe.de\/wordpress\/wp-content\/uploads\/2019\/10\/Download_CS.png\"><\/a><\/th>\n<\/tr>\n<tr>\n<th>Multiplier Presentation: CUSHA Dictionary<\/th>\n<th><a href=\"https:\/\/cultureshake.ph-karlsruhe.de\/wordpress\/wp-content\/uploads\/2019\/10\/E1_CUSHA_DICTIONARY.pdf\" target=\"_blank\" rel=\"noopener noreferrer\"><img decoding=\"async\" src=\"https:\/\/cultureshake.ph-karlsruhe.de\/wordpress\/wp-content\/uploads\/2019\/10\/Download_CS.png\"><\/a><\/th>\n<\/tr>\n<\/table>\n<p><\/p>","protected":false},"excerpt":{"rendered":"<p>F\u00fcr alle vier Partnerl\u00e4nder wurden Multiplikatorenveranstaltungen organisiert. Die CultureShake Multiplikatorenveranstaltung in Slowenien wurde von der Primorska Universit\u00e4t im M\u00e4rz 2019 durchgef\u00fchrt. An der Veranstaltung nahmen nationale und internationale G\u00e4ste teil. V.a. die internationalen G\u00e4ste waren \u00fcberwiegend an den Projektergebnissen interessiert.<\/p>\n<p><span class=\"ellipsis\">&hellip;<\/span><\/p>\n<div class=\"read-more\"><a href=\"https:\/\/cultureshake.ph-karlsruhe.de\/cusha\/aktivitaeten\/multiplikatorenveranstaltung\/multiplier-event-at-the-university-of-primorska-march-23th-2019\/\">Weiterlesen \u203a<\/a><\/div>\n<p><!-- end of .read-more --><\/p>\n","protected":false},"author":1,"featured_media":0,"parent":759,"menu_order":0,"comment_status":"closed","ping_status":"closed","template":"","meta":{"footnotes":""},"class_list":["post-775","page","type-page","status-publish","hentry"],"_links":{"self":[{"href":"https:\/\/cultureshake.ph-karlsruhe.de\/cusha\/wp-json\/wp\/v2\/pages\/775","targetHints":{"allow":["GET"]}}],"collection":[{"href":"https:\/\/cultureshake.ph-karlsruhe.de\/cusha\/wp-json\/wp\/v2\/pages"}],"about":[{"href":"https:\/\/cultureshake.ph-karlsruhe.de\/cusha\/wp-json\/wp\/v2\/types\/page"}],"author":[{"embeddable":true,"href":"https:\/\/cultureshake.ph-karlsruhe.de\/cusha\/wp-json\/wp\/v2\/users\/1"}],"replies":[{"embeddable":true,"href":"https:\/\/cultureshake.ph-karlsruhe.de\/cusha\/wp-json\/wp\/v2\/comments?post=775"}],"version-history":[{"count":10,"href":"https:\/\/cultureshake.ph-karlsruhe.de\/cusha\/wp-json\/wp\/v2\/pages\/775\/revisions"}],"predecessor-version":[{"id":981,"href":"https:\/\/cultureshake.ph-karlsruhe.de\/cusha\/wp-json\/wp\/v2\/pages\/775\/revisions\/981"}],"up":[{"embeddable":true,"href":"https:\/\/cultureshake.ph-karlsruhe.de\/cusha\/wp-json\/wp\/v2\/pages\/759"}],"wp:attachment":[{"href":"https:\/\/cultureshake.ph-karlsruhe.de\/cusha\/wp-json\/wp\/v2\/media?parent=775"}],"curies":[{"name":"wp","href":"https:\/\/api.w.org\/{rel}","templated":true}]}}