{"id":72,"date":"2016-12-07T22:19:54","date_gmt":"2016-12-07T21:19:54","guid":{"rendered":"http:\/\/cultureshake.ph-karlsruhe.de\/cusha\/?page_id=72"},"modified":"2019-03-28T18:47:32","modified_gmt":"2019-03-28T17:47:32","slug":"stiftelsen-english-school-gothenburg","status":"publish","type":"page","link":"https:\/\/cultureshake.ph-karlsruhe.de\/cusha\/ueber-uns\/stiftelsen-english-school-gothenburg\/","title":{"rendered":"Stiftelsen English School G\u00f6teborg"},"content":{"rendered":"<p><img loading=\"lazy\" decoding=\"async\" class=\"aligncenter wp-image-264 size-full\" src=\"http:\/\/cultureshake.ph-karlsruhe.de\/wordpress\/wp-content\/uploads\/2017\/03\/ESG_photo.png\" alt=\"\" width=\"522\" height=\"295\" srcset=\"https:\/\/cultureshake.ph-karlsruhe.de\/wordpress\/wp-content\/uploads\/2017\/03\/ESG_photo.png 522w, https:\/\/cultureshake.ph-karlsruhe.de\/wordpress\/wp-content\/uploads\/2017\/03\/ESG_photo-300x170.png 300w, https:\/\/cultureshake.ph-karlsruhe.de\/wordpress\/wp-content\/uploads\/2017\/03\/ESG_photo-100x57.png 100w, https:\/\/cultureshake.ph-karlsruhe.de\/wordpress\/wp-content\/uploads\/2017\/03\/ESG_photo-150x85.png 150w, https:\/\/cultureshake.ph-karlsruhe.de\/wordpress\/wp-content\/uploads\/2017\/03\/ESG_photo-200x113.png 200w, https:\/\/cultureshake.ph-karlsruhe.de\/wordpress\/wp-content\/uploads\/2017\/03\/ESG_photo-450x254.png 450w\" sizes=\"auto, (max-width: 522px) 100vw, 522px\" \/><\/p>\n<p>The English School of Gothenburg, ESG, befindet sich seit den fr\u00fchen 90ern im Westen G\u00f6teborgs. K\u00fcrzlich wurde ein gro\u00dfes Bauprojekt abgeschlossen, durch welches eine moderne Lernumgebung mit ausgezeichneter neuer Technologie geschaffen werden konnte. Wir sind eine schwedische \u201efriskola\u201c, was so viel bedeutet, wie dass wir unsere Unabh\u00e4ngigkeit behalten, obwohl wir dem schwedischen Gesetz und Curriculum unterliegen. Die Schule ist \u00f6ffentlich finanziert und es wird keine Schulgeb\u00fchr erhoben.<\/p>\n<p>Das ESG ist eine kleine gem\u00fctliche Schule. Die Kinder k\u00f6nnen bei uns ab drei Jahren anfangen und bis 16 bleiben. In einem Jahrgang sind bis zu 44 Kinder, das bedeutet, dass die Lehrkr\u00e4fte alle Kinder pers\u00f6nlich kennen. Die Schule erreicht hervorragende Lernergebnisse, was die harte Arbeit der Sch\u00fclerinnen und Sch\u00fcler sowie der Lehrkr\u00e4fte widerspiegelt und der ruhigen Studienatmosph\u00e4re, welche an der Schule existiert, entspricht. Bei Ihrem Schulabschluss verf\u00fcgen die Sch\u00fclerinnen und Sch\u00fcler \u00fcber hervorragende Englischkenntnisse sowie guten Schwedischkenntnisse und eine weitere Fremdsprache. Unser Ziel ist es, dass unsere Absolventinnen und Absolventen bilingual mit Kompetenzen f\u00fcr ein Studium und einen Beruf in Englisch und Deutsch die Schule verlassen.<\/p>\n<p>Die Familien kommen aus aller Welt. Unter den Lehrkr\u00e4ften sind mindestens 20 Nationalit\u00e4ten vertreten und in den Familien finden sich mehr als 40 Nationalit\u00e4ten und Sprachen. Es ist ein gesunder Mix aus Kulturen und Religionen, welcher f\u00fcr uns funktioniert.<\/p>\n<p><a href=\"http:\/\/www.theenglishschool.se\" target=\"_blank\" rel=\"noopener noreferrer\">Mehr \u00fcber das ESG<\/a><\/p>\n<h3>CUSHA at ESG<\/h3>\n<p>12 Sch\u00fclerinnen und Sch\u00fcler aus Jahr 6 am ESG nehmen an dem Austausch mit dem Friedrich-W\u00f6hler-Gymnasium in Singen, Deutschland, teil. Im Rahmen von CUSHA ist das ESG verantwortlich f\u00fcr die Workshop-Phase in G\u00f6teborg (Herbst 2018) und f\u00fcr die Entwicklung eines Intellectual Outputs.<br \/>\nDas ESG Projektteam setzt sich zusammen aus <a href=\"mailto:A.Potter@theenglishschool.se\">Andrew Potter<\/a> (Schulleiter des ESG, Projektverwaltung), Vivian Hunt (ICT), <a href=\"mailto:C.Skoglund@theenglishschool.se\">Clare Skoglund<\/a> (Lehrerin) and <a href=\"mailto:C.Bye@theenglishschool.se\">Chloe Bye<\/a> (Lehrerin).<\/p>","protected":false},"excerpt":{"rendered":"<p><img loading=\"lazy\" decoding=\"async\" class=\"aligncenter wp-image-264 size-full\" src=\"http:\/\/cultureshake.ph-karlsruhe.de\/wordpress\/wp-content\/uploads\/2017\/03\/ESG_photo.png\" alt=\"\" width=\"522\" height=\"295\" srcset=\"https:\/\/cultureshake.ph-karlsruhe.de\/wordpress\/wp-content\/uploads\/2017\/03\/ESG_photo.png 522w, https:\/\/cultureshake.ph-karlsruhe.de\/wordpress\/wp-content\/uploads\/2017\/03\/ESG_photo-300x170.png 300w, https:\/\/cultureshake.ph-karlsruhe.de\/wordpress\/wp-content\/uploads\/2017\/03\/ESG_photo-100x57.png 100w, https:\/\/cultureshake.ph-karlsruhe.de\/wordpress\/wp-content\/uploads\/2017\/03\/ESG_photo-150x85.png 150w, https:\/\/cultureshake.ph-karlsruhe.de\/wordpress\/wp-content\/uploads\/2017\/03\/ESG_photo-200x113.png 200w, https:\/\/cultureshake.ph-karlsruhe.de\/wordpress\/wp-content\/uploads\/2017\/03\/ESG_photo-450x254.png 450w\" sizes=\"auto, (max-width: 522px) 100vw, 522px\" \/><\/p>\n<p>The English School of Gothenburg, ESG, befindet sich seit den fr\u00fchen 90ern im Westen G\u00f6teborgs. K\u00fcrzlich wurde ein gro\u00dfes Bauprojekt abgeschlossen, durch welches eine moderne Lernumgebung mit ausgezeichneter neuer Technologie geschaffen werden konnte. Wir sind eine schwedische \u201efriskola\u201c,<\/p>\n<p><span class=\"ellipsis\">&hellip;<\/span><\/p>\n<div class=\"read-more\"><a href=\"https:\/\/cultureshake.ph-karlsruhe.de\/cusha\/ueber-uns\/stiftelsen-english-school-gothenburg\/\">Weiterlesen \u203a<\/a><\/div>\n<p><!-- end of .read-more --><\/p>\n","protected":false},"author":1,"featured_media":0,"parent":40,"menu_order":4,"comment_status":"closed","ping_status":"closed","template":"","meta":{"footnotes":""},"class_list":["post-72","page","type-page","status-publish","hentry"],"_links":{"self":[{"href":"https:\/\/cultureshake.ph-karlsruhe.de\/cusha\/wp-json\/wp\/v2\/pages\/72","targetHints":{"allow":["GET"]}}],"collection":[{"href":"https:\/\/cultureshake.ph-karlsruhe.de\/cusha\/wp-json\/wp\/v2\/pages"}],"about":[{"href":"https:\/\/cultureshake.ph-karlsruhe.de\/cusha\/wp-json\/wp\/v2\/types\/page"}],"author":[{"embeddable":true,"href":"https:\/\/cultureshake.ph-karlsruhe.de\/cusha\/wp-json\/wp\/v2\/users\/1"}],"replies":[{"embeddable":true,"href":"https:\/\/cultureshake.ph-karlsruhe.de\/cusha\/wp-json\/wp\/v2\/comments?post=72"}],"version-history":[{"count":22,"href":"https:\/\/cultureshake.ph-karlsruhe.de\/cusha\/wp-json\/wp\/v2\/pages\/72\/revisions"}],"predecessor-version":[{"id":708,"href":"https:\/\/cultureshake.ph-karlsruhe.de\/cusha\/wp-json\/wp\/v2\/pages\/72\/revisions\/708"}],"up":[{"embeddable":true,"href":"https:\/\/cultureshake.ph-karlsruhe.de\/cusha\/wp-json\/wp\/v2\/pages\/40"}],"wp:attachment":[{"href":"https:\/\/cultureshake.ph-karlsruhe.de\/cusha\/wp-json\/wp\/v2\/media?parent=72"}],"curies":[{"name":"wp","href":"https:\/\/api.w.org\/{rel}","templated":true}]}}